. Suppose -l = l - f. List the prime factors of l.
7
Let t(q) = 2*q**2 + 18*q + 17. List the prime factors of t(-13).
11
Suppose -6*l = -2*l + 4. Let u = 5 + l. Suppose 30 = m + u*m. What are the prime factors of m?
2, 3
Suppose 2*d = d. Suppose d = g - 5*g + 12. List the prime factors of g.
3
Let m(h) = 3*h**2 - 2*h + 7. What are the prime factors of m(3)?
2, 7
Let l be (-6)/5*-2*10. Let z(n) = -n**3 + 6*n**2 - n - 5. Let g be z(5). Let v = l - g. List the prime factors of v.
3
Suppose -2*r = -31 + 7. What are the prime factors of r?
2, 3
Suppose 0 = 2*n - 40 + 8. What are the prime factors of n?
2
List the prime factors of -12*(-1)/((-6)/(-27)).
2, 3
Suppose 4*o + 34 = 138. Suppose n - o + 2 = 0. List the prime factors of n.
2, 3
Let x(u) = -u**3 - u + 24. Let z be x(0). List the prime factors of z/(-4) + 3 + 9.
2, 3
What are the prime factors of -5 + 3 - 0 - -8?
2, 3
Suppose -2*v + 9*v - 210 = 0. What are the prime factors of v?
2, 3, 5
Let r be (37 - -1)*(-10)/(-20). Suppose -r = -5*a + 2*u, 5*a + 3*u - 31 = u. List the prime factors of a.
5
Suppose -5*i = -5*t + 135, 83 = -0*t + 3*t - 2*i. List the prime factors of t.
29
Let w(g) be the first derivative of 2 - 14*g - 2*g**2 - 1 + 5*g. List the prime factors of w(-6).
3, 5
Let q(j) = j**3 - 3*j**2 + 4*j - 2. Let i be q(2). Let z = 62 + -56. Suppose -i*n = -z*n + 44. What are the prime factors of n?
11
Suppose -221 = -4*u + 111. Suppose -4*h - 3*w = -u, -w = -2*h - 0*h + 29. What are the prime factors of h?
17
Suppose 0 = -0*v + 5*v - 15. Suppose v*c = c + 8. Suppose m - 10 = -c*w, -2*m = 3*w - w - 8. What are the prime factors of w?
2
Let k be 1/(-3 - 1*-4). Suppose u - 6 - 25 = -2*o, u - k = 0. What are the prime factors of o?
3, 5
Suppose -5*d + 9 = -1. Suppose 3*u + 27 = 3*x, -17 = -3*x - d*u + 3*u. List the prime factors of x.
2
What are the prime factors of 58 - ((-1)/(-1) + 2)?
5, 11
Suppose -3*f + 2*f - 3*h = -60, f = -2*h + 65. What are the prime factors of f?
3, 5
Suppose 2*u - 37 = 17. What are the prime factors of u?
3
Let r(t) = -3*t + 4 - 6*t**2 + 6*t**2 + t**3 + 6*t**2. Let i(x) = x**2 + 11*x + 4. Let s be i(-10). List the prime factors of r(s).
2, 11
Suppose -i + 455 = 4*i. List the prime factors of i.
7, 13
Suppose 42 = j - 5*o, 2*o + 93 = 4*j - 3*o. Suppose j = -4*d + 49. List the prime factors of d.
2
Let q = -264 - -444. Suppose 4*j = -j + q. List the prime factors of j.
2, 3
Suppose -242 = -3*x - 2*j, 0 = x - 3*j + j - 78. What are the prime factors of x?
2, 5
Let s = 213 - 135. List the prime factors of s.
2, 3, 13
Let x be -9 + -3*(-4)/6. Let k(y) = y**2 + 8*y + 9. What are the prime factors of k(x)?
2
Suppose 4*l - g + 5*g - 4 = 0, -4 = -3*l - 2*g. What are the prime factors of l?
2
Suppose 239 = 2*u + 5*n, -u + 0*u = -5*n - 142. List the prime factors of u.
127
Suppose 0 = 4*b + 5*l - 35, 2*b = l + 9 - 2. Suppose u + 4*z = 2*z + 15, -b*z - 75 = -5*u. What are the prime factors of ((-6)/4)/(u/(-20))?
2
What are the prime factors of (-1 - (-4 - -2))/(5/190)?
2, 19
Let t = -45 - -5. List the prime factors of 54/4*t/(-30).
2, 3
Let o = 367 + 30. What are the prime factors of o?
397
Suppose 0 = 11*r - 5*r - 102. What are the prime factors of r?
17
Let u be 1/(9/6)*3. What are the prime factors of (2/4)/(u/28)?
7
Let l(k) = k**3 - 6*k**2 - 6*k - 9. Let d be l(8). Suppose d + 19 = 3*a. What are the prime factors of a?
2, 3, 5
Let o(b) = -10*b**2 + b**2 + 0 - 11*b - b**3 + 2. List the prime factors of o(-8).
2, 13
Let v(l) be the second derivative of 7/2*l**2 - 1/20*l**5 - 2*l + 0*l**3 - 7/12*l**4 + 0. What are the prime factors of v(-7)?
7
Let d = 9 + -6. Suppose -10 = -d*u + 2. What are the prime factors of u?
2
Let l = 68 - 29. What are the prime factors of l?
3, 13
Suppose 2*i = 4*i + 48. Let s = 45 + i. Let l = s - 8. List the prime factors of l.
13
Suppose -23 - 57 = -5*f. List the prime factors of f.
2
Suppose 0 = 4*y - 274 - 26. What are the prime factors of y?
3, 5
Let x = 15 - 12. Suppose -x*g - n = -6*n - 63, -42 = -2*g + 4*n. List the prime factors of g.
3, 7
Let t = -5 + 7. Let r(s) = s**3 - 5*s - 2*s**3 - 7 + 8*s**t - 2. List the prime factors of r(7).
5
Suppose -3*b - o = -234, 68 = -0*b + b - 3*o. What are the prime factors of b?
7, 11
Let j(o) = -4*o - 10 + 3 - 3. Let k be j(-12). Suppose -4*q + 6 + k = 0. What are the prime factors of q?
11
Let x(m) = m**3 + 4*m**2 - 3*m - 7. List the prime factors of x(-4).
5
Let w = -41 - -77. List the prime factors of w.
2, 3
Let c(m) = -13*m - 19. Let x(d) = 3*d + 5. Let b(p) = 2*c(p) + 9*x(p). Suppose 4*t = -0*t + 20. List the prime factors of b(t).
2, 3
Let d = -59 - -74. Suppose -2*t + 4*p = p + 15, -3*p = -t - 12. What are the prime factors of (d/6 + t)*-14?
7
Let b = -14 + 24. List the prime factors of b.
2, 5
Let n = 4 - -5. What are the prime factors of n?
3
Let b(c) = 31*c**2 - c + 2. Let t be b(2). Let i be t/12 - (-2)/3. Suppose -3*j + 55 = -i. List the prime factors of j.
2, 11
Suppose 0*l = -l + 5, -4*l = -3*n - 17. Let k = n + 1. Let s(a) = a**2 + 3*a - 1. What are the prime factors of s(k)?
3
Suppose -24 = 3*x - 7*x. Let p = 28 + -18. Let q = p - x. What are the prime factors of q?
2
Let i be -5 - (3 + -2 + -2). Let g(h) = h**3 + 6*h**2 - 5*h + 7. Let w be g(-7). List the prime factors of 1/i*w*8.
2, 7
Let n be (-7)/(-2)*20/7. List the prime factors of 15/n + 47/2.
5
Suppose 20 = -5*q - 5*s, -4*s = -3*q + 6 + 17. List the prime factors of (q/3)/((-4)/(-204)).
17
List the prime factors of (0/(-3) + 2)*16.
2
Suppose 4*n - 39 = n. What are the prime factors of n?
13
Suppose 3*w = n - 151 + 400, 2*n = 0. List the prime factors of w.
83
Let y(m) = -2*m**2 + 0*m + 2 - 5*m + 3*m**2. Let h be y(5). What are the prime factors of (h + -3 - -2) + 7?
2
Let j(f) = -1 - 9 + 0 + 5*f. Let i = -10 + 16. What are the prime factors of j(i)?
2, 5
Let q(m) = m + 9. Let t be q(-7). Suppose -2*c = t*j - 42, 5*j - 105 = -4*c + 5*c. List the prime factors of j.
3, 7
Let d(z) = z**2 - 14*z - 11. Let w be d(15). Suppose -6*p + 66 = -w*p. What are the prime factors of p?
3, 11
Let t(c) = -c + 10. Let i be t(7). Suppose -s + 9 = -j + 3*j, 10 = s + i*j. List the prime factors of s.
7
Suppose -h - 234 = -4*h. List the prime factors of h.
2, 3, 13
Let n be 5 + -4 + 3/1. Suppose n*l - 44 = 4. List the prime factors of l.
2, 3
Let k be ((-168)/30)/(2/(-10)). Suppose -36 - k = 4*w. List the prime factors of 1*(w - 3)*-1.
19
Let w(u) = -u**2 + 38. List the prime factors of w(0).
2, 19
Let q(j) = j + 11. Let m be q(0). What are the prime factors of m - 0 - (2 - 0)?
3
Let y(p) = -p**2 - 14*p + 7. Let t be y(-12). Suppose 2*h + 0*h = o - t, 141 = 5*o + 4*h. List the prime factors of o.
29
Suppose 5*p - o + 22 = 0, 7*p - 4*p = -o - 18. Let b(x) = -10*x - 7. List the prime factors of b(p).
43
Let v = 512 - 307. List the prime factors of v.
5, 41
Suppose -4*t = -8*t + 60. What are the prime factors of t?
3, 5
List the prime factors of 9*60/(-63)*-7.
2, 3, 5
Let r = -7 - -9. Suppose 5*i = 27 + 28. Let a = r + i. List the prime factors of a.
13
Suppose -h + 6*h - 20 = 0. Let z(w) = -11*w + 1. Let u be z(h). Let d = u + 61. List the prime factors of d.
2, 3
Suppose -3*i - 2*i - 530 = 0. List the prime factors of (-14)/(-77) - i/22.
5
Let f = 17 + -12. Suppose -109 = -4*p - 9*o + 4*o, f*p = 2*o + 161. List the prime factors of p.
31
Let b be ((-26)/4 - -3)*-6. What are the prime factors of 3/(((-3)/b)/(-1))?
3, 7
List the prime factors of 4 + -4 - -2*2.
2
Let q be ((-3)/4)/(3/(-12)). Suppose 0 = 3*v - 2*s - 58, -q*s - 44 = -3*v - 8*s. What are the prime factors of v?
2, 3
Suppose 9*l - 10*l = -6. Suppose -t = 3*m - l*m + 6, 2*t + 2*m - 20 = 0. What are the prime factors of t?
2, 3
Suppose -10 + 18 = 4*c. Suppose -c*v - 3*k + 103 = 0, -k + 241 = 5*v + k. List the prime factors of v.
47
Suppose -3*o = -160 + 52. What are the prime factors of o?
2, 3
Suppose -3*h - 7 = 4*n, -2 = -5*h - 2*n + 5. Let m = 0 + h. List the prime factors of m.
3
Suppose 171 = 3*a - 3*o, 2*a = a - 3*o + 61. What are the prime factors of a?
2, 29
Suppose 6*f + 100 = f. Let x = -16 - f. What are the prime factors of x?
2
Suppose -m = 3*m - 24. Let n = m - 2. List the prime factors of n.
2
Let x be 4/16 + 1062/8. Let k = x - 90. List the prime factors of k.
43
Suppose 174 + 